first derivative of 2*f**2 + 65*f - 482. Give b(-18).
-7
Let m(w) be the third derivative of -1/24*w**4 - 3*w**2 - 1/60*w**5 - 1/6*w**3 + 0*w + 0. Determine m(5).
-31
Suppose 2*k - 4*k = -4*g - 190, -4*g = -3*k + 195. Let t be (-1)/2 - g/10. Let x(f) = -f**3 + 5*f**2 - 6*f + 1. Determine x(t).
-7
Let s(h) be the third derivative of -h**5/60 - 13*h**4/24 - 23*h**3/6 - 5*h**2 - 21. Give s(-12).
-11
Let l(d) = d - 4. Let b(o) = o**2 + 6*o. Let k be b(-6). Suppose 15 = -5*t - 5*w - k*w, 0 = -t + 3*w + 17. Suppose 0 = 5*n - 6*x + x, -4 = t*n - x. Give l(n).
-8
Let y(t) = t**3 + 3*t**2 - 3*t. Suppose 3*h - l = -15, -3*h - 5*l - 7 - 8 = 0. Calculate y(h).
-35
Suppose 0*t = -8*t + 48. Suppose 2*k = 3*z + 8, 2*z - t*z - 3*k - 39 = 0. Let m(a) = -a**2 - 10*a - 7. Give m(z).
17
Let o(p) = -p**3 + 7*p**2 - 6*p - 6. Suppose -y = 4*q + y - 86, -2*q + y = -33. Let h = q - 13. Calculate o(h).
-6
Let q(b) = -2*b - 21 - 2*b + 14 + 4*b + 2*b. What is q(-6)?
-19
Suppose h + 0*k + k + 3 = 0, 5*h = k + 3. Suppose -i + h = -3. Let o(c) = -2*c + 1. Let d(f) = 9*f - 8. Let x(u) = -d(u) - 5*o(u). Calculate x(i).
6
Let m(u) be the second derivative of u**5/20 - u**4/12 - u**3/6 - 8*u**2 - 238*u. Calculate m(0).
-16
Let i(u) be the third derivative of u**5/60 + u**4/3 - 2*u**3/3 + 93*u**2. What is i(-9)?
5
Let n(g) be the third derivative of -g**5/20 - g**3/3 + 22*g**2. What is n(-4)?
-50
Let r(i) = i - 4 - 3*i + 10. Let f be 22/99 + (-68)/(-18). Let n = f + 2. What is r(n)?
-6
Let t(i) = i**3 + 10*i**2 + 11*i + 7. Let k(l) = l**3 + 60*l**2 - 59*l + 113. Let d be k(-61). What is t(d)?
-11
Let l(z) be the first derivative of 28 - 3/2*z**2 + z**3 - 2*z + 1/4*z**4. Let u = -8 + 5. Give l(u).
7
Let c(k) = -3*k**2 + 49*k - 20. Let w be c(16). Let l(q) = -q**2 - 6*q - 7. Determine l(w).
1
Suppose 0 = 5*c - 0*c - 15. Suppose -3 = -3*z - 2*t - 0*t, -c*t = 0. Let i(v) = 2 + z - 2 + 10*v + 0. Calculate i(1).
11
Let f be (-59)/(-12) - (-72)/864. Let u(t) = -6*t + 9. Give u(f).
-21
Let a(x) = -x + 3. Let u be (-279)/62*16/(-18). Calculate a(u).
-1
Let j(z) = 67*z**3 - 5*z - 68*z**3 + 7 - 2*z + 13*z**2 - 8*z**2. Determine j(4).
-5
Let a = 33 - 32. Let m(k) = -2*k - a - 6*k**2 + k**3 + 5*k**2 + 12 + 3*k. What is m(0)?
11
Suppose 5*p = -8*p + 39. Suppose p*d + 7 = -14. Let i(c) = c**2 + 7*c - 10. Determine i(d).
-10
Let v(y) = 24*y**3 - y**2 - 2*y - 1. Let c be v(-1). Let s = -14 - c. Let m(p) = -p**2 + 10*p + 6. Give m(s).
6
Let j be (-7*(-3)/(-21))/((-1)/(-3)). Let c(p) = -p**2 - p + 3. What is c(j)?
-3
Let z(p) = -p + 1. Let u be ((-9)/(-6))/((-4)/(-80)). Let t(y) = -2*y + 62. Let f be t(u). What is z(f)?
-1
Let p(o) be the third derivative of 5*o**4/24 - o**3/3 - 2*o**2. Let s = 17 - 14. Suppose v + 0*v + 3*z = 5, -s*v - 2*z + 8 = 0. Determine p(v).
8
Let z be (48/15)/(6/45). Let u be 4/z + 59/6. Let n(c) = 19 - 14 + 3*c - u. Give n(4).
7
Let a(f) = 8*f - 4 - 11 + 11. Determine a(4).
28
Let k(r) = -2*r - 23. Let o be k(-12). Let b be ((-15)/(-5))/(o/2). Let h(x) = -x + 2. What is h(b)?
-4
Let j(p) = p + 15. Suppose 4*y = 4*b - 192, 2*b - b = -2*y + 54. Let h = -57 + b. Calculate j(h).
8
Let f(v) = -4*v - 14. Let r be f(-7). Let j(h) = 2*h - 20. Determine j(r).
8
Let r(s) = -4*s. Suppose -7*a - 29 = -8. Let m be a/(-1) + (-6)/3. Determine r(m).
-4
Let x(u) = u**2 + 12*u + 14. Let a be x(-11). Suppose -2*j = -j + a. Let i(h) be the first derivative of 2*h**3/3 + h**2 - h + 33. Calculate i(j).
11
Let m be (-12)/(3*4/(-3)). Let r(h) = 8*h + 2. Give r(m).
26
Let p(d) = -d**2 + 8*d - 15. Let a(z) = -z**2 + 20*z + 307. Let i be a(30). Determine p(i).
-8
Suppose 3*h - h = -4. Let n(j) = 16*j**3 + 14*j**2 + 31*j + 4. Let w(b) = -3*b**3 - 3*b**2 - 6*b - 1. Let o(a) = h*n(a) - 11*w(a). Calculate o(-3).
9
Let h(a) = -3. Let i(b) = 3*b**2 + 4*b - 10. Let p(r) = 3*h(r) - i(r). Determine p(-3).
-14
Let z(y) = 5*y**3 + 160*y**2 - 2*y - 65. Let w be z(-32). Let i(s) be the first derivative of -8*s**2 + 2. Determine i(w).
16
Suppose 17*z - 15*z - 28 = 0. Let r = 15 - z. Let m(w) = r - 4 + 7 - w. Give m(4).
0
Let a(i) = -i. Suppose 20 = -17*x + 3. Determine a(x).
1
Let h(g) = g**2 - 5*g + 4. Let i be (4 - (-22)/4)*2. Suppose 23 + i = 7*x. What is h(x)?
10
Let q(r) be the first derivative of -41 - 4*r - 1/3*r**3 + 7/2*r**2. Determine q(6).
2
Let a be (12/(-5))/((-6)/30). Let y(c) = -c**2 + 13*c - 15. Calculate y(a).
-3
Suppose 0 = r + 8*r + 783. Let q = r + 93. Let w(f) = -2*f + 14. What is w(q)?
2
Suppose 2 = -7*u - 26. Let o = 4 - 2. Let j(g) = g**3 - 4 + 4*g**2 - 2*g**o + 2*g**2. What is j(u)?
-4
Let d(j) = -11*j - 6. Let k(l) = 5*l**2 - 18*l - 13. Let s be k(4). Calculate d(s).
49
Let o be 6/9*(-14 - (-300)/24). Let i(b) be the second derivative of -b**4/12 - b**3/6 + b**2/2 + b. What is i(o)?
1
Let s(m) = -6*m**3 - 18*m**2 + 15. Let d(k) = 5*k**3 + 17*k**2 + 2*k - 15. Let q(x) = -7*d(x) - 6*s(x). Give q(12).
-9
Let n(b) = -5 - 5*b**2 + 0 + b**3 - 9*b - 3 + 19*b - 2*b**2. Let y = 4 + 2. Determine n(y).
16
Let u(o) be the third derivative of 0 - 3/20*o**5 + 2/3*o**3 - 1/120*o**6 + 2*o**2 + 0*o - 7/24*o**4. Let y be u(-8). Let h(c) = c + 2. Calculate h(y).
-2
Let v(g) be the first derivative of -1/3*g**3 - 33 - 3/2*g**2 + 3*g. What is v(-3)?
3
Let w(q) be the first derivative of q**4/4 + 4*q**3/3 + 5*q**2/2 + 3*q + 198. Determine w(-4).
-17
Let m(c) = 2*c**2 + 3*c - 9. Let k(a) = a**2 - 22*a - 4. Let h be k(22). What is m(h)?
11
Let j(y) be the first derivative of -y**2/2 + y - 7. Let o be 2/7 + 16/(-7). Let b be ((-25)/2)/(-5)*o. Give j(b).
6
Let u = 16 + -8. Let x(a) be the second derivative of u*a + 3/2*a**2 - 2/3*a**3 + 0. What is x(3)?
-9
Let i = 5 + -4. Let y(f) = -1. Let c(w) = -4*w**2 + 12. Let r(z) = -c(z) - 12*y(z). Give r(i).
4
Suppose -5*l = -0*l - 10. Let c be -6*(-10)/(-15) - -4. Let v(a) = -2*a + 18*a**3 - 17*a**3 + 2 - a + c. Determine v(l).
4
Suppose 0 = -4*a - 12*u + 8*u + 24, 3*u + 18 = a. Let h(p) = -p**3 + 8*p**2 + 9*p - 3. Determine h(a).
-3
Let f(l) = 3*l - 4 - l - l - 6. Give f(9).
-1
Let k(d) = 15*d. Let u(p) = -p**2 - 19*p - 19. Let c be u(-18). Calculate k(c).
-15
Let r(v) be the first derivative of v**5/20 + v**4/2 - v**3 + 4*v**2 - 32*v + 20. Let j(g) be the first derivative of r(g). What is j(-7)?
1
Let c(u) be the second derivative of -u**4/12 + 7*u**3/6 + 2*u**2 - u + 16. Calculate c(9).
-14
Suppose 0 = -17*u + 14*u - 3. Let x(r) = -r. Let z(f) = -4*f + 7. Let w(h) = u*z(h) + 2*x(h). Calculate w(5).
3
Let w(s) = 6*s - 122. Let g be w(21). Let l(t) = -2*t + 2. Calculate l(g).
-6
Let g(w) = -w**3 - 8*w**2 - 2*w - 2. Let h(i) = i**2 - 10*i + 8. Let a be h(8). Let o be g(a). Let u be 7/o*(-4 + 0). Let c(v) = -v. Determine c(u).
2
Let r(a) be the third derivative of a**4/24 - a**3/3 + a**2 - 53. Give r(-7).
-9
Let m(k) = 5*k**2 + k - 1. Let w(x) = -12*x**2 - 3*x + 1. Let n(g) = -5*m(g) - 2*w(g). Give n(0).
3
Let m(o) be the first derivative of o**5/20 + o**4/4 - 4*o**3/3 - 3*o**2/2 - 27*o - 42. Let j(p) be the first derivative of m(p). Give j(-5).
-13
Let f(l) be the first derivative of -3*l**2 + 7 - 1/3*l**3 + 5*l. Give f(-6).
5
Suppose 15*a = 18*a - 12. Let m be 6/4 - 2/16*a. Let g(p) be the second derivative of 4*p**3/3 - p**2/2 + p. What is g(m)?
7
Let c(j) = -1177 - 2*j**2 - 13*j + 2352 - 1185. What is c(-6)?
-4
Let t(p) = p**3 - p**2 - p + 1. Let c(m) = -m**3 - m**2 + 5*m - 1. Let i(b) = -c(b) - 3*t(b). Suppose 5*x - 2*k = 12, -3*k = -42*x + 38*x + 11. Give i(x).
-6
Let x(l) be the first derivative of -1/4*l**4 + 4/3*l**3 + 0*l**2 - 4*l + 3. Suppose -5 = -q - 2. Give x(q).
5
Let h(n) = -9*n**3 - 15*n**2 + 5*n + 2. Let l(m) = -5*m**3 - 8*m**2 + 3*m + 1. Let o(p) = 4*h(p) - 7*l(p). Let j = -5 - -5. Suppose -3 = i - j. What is o(i)?
-5
Let t(m) be the first derivative of -3*m**2 + 70*m - 80. Calculate t(13).
-8
Let z be (2/(-6))/((-2)/6). Let y be -1 - (z + -3) - 1. Suppose y = -v + 5*v. Let b(r) = r**2 + 3. Determine b(v).
3
Let b(u) = -12 + 5 + u - 9*u + 13 - u**2. Determine b(-7).
13
Let g(m) = m**3 - 5*m**2 + 12*m. Let x(b) = -b - 1. Let n(f) = -g(f) - 6*x(f). Let d be (-18)/(-4) - ((-30)/(-12) - 2). What is n(d)?
-2
Let v = 14 + -8. Suppose -v*n - 5 = -n - 2*i, n - 6 = -i. Let y(b) = 3*b**2 + n + 25*b - 19*b - b**2 - b**2. Calculate y(-4).
-7
Let y = -52 + 56.